prime factors of 10231715?
5, 13, 157411
What are the prime factors of 1182767?
1182767
What are the prime factors of 23791257?
3, 7, 101, 3739
List the prime factors of 275332.
2, 17, 4049
List the prime factors of 3357118.
2, 127, 13217
What are the prime factors of 984639?
3, 328213
What are the prime factors of 11272189?
31, 363619
What are the prime factors of 30921?
3, 11, 937
List the prime factors of 1623763.
1623763
List the prime factors of 1123554.
2, 3, 199, 941
List the prime factors of 1556811.
3, 41, 4219
List the prime factors of 13611638.
2, 19, 358201
What are the prime factors of 95775?
3, 5, 1277
What are the prime factors of 622336?
2, 11, 13, 17
List the prime factors of 1168344.
2, 3, 601
List the prime factors of 8199591.
3, 2733197
What are the prime factors of 1073920?
2, 5, 839
What are the prime factors of 5423958?
2, 3, 301331
What are the prime factors of 5467999?
17, 321647
List the prime factors of 981728.
2, 11, 2789
What are the prime factors of 17032565?
5, 11, 47, 599
List the prime factors of 644955.
3, 5, 19, 31, 73
What are the prime factors of 282365?
5, 56473
What are the prime factors of 152178?
2, 3, 13, 1951
List the prime factors of 886961.
43, 20627
List the prime factors of 564629.
13, 257
List the prime factors of 1250130.
2, 3, 5, 7, 5953
List the prime factors of 125866.
2, 13, 47, 103
List the prime factors of 208502.
2, 7, 53, 281
List the prime factors of 197841.
3, 7, 9421
List the prime factors of 12887224.
2, 7, 17, 13537
List the prime factors of 38800244.
2, 7, 499, 2777
List the prime factors of 18961.
67, 283
What are the prime factors of 14307757?
14307757
List the prime factors of 578772.
2, 3, 23, 233
What are the prime factors of 2237183?
13, 17, 53, 191
What are the prime factors of 27436427?
2543, 10789
What are the prime factors of 25551951?
3, 181, 47057
List the prime factors of 187535.
5, 37507
What are the prime factors of 5205399?
3, 229, 7577
List the prime factors of 292556.
2, 11, 61, 109
List the prime factors of 248079.
3, 13, 6361
What are the prime factors of 5300261?
701, 7561
List the prime factors of 1661958.
2, 3, 10259
What are the prime factors of 310816?
2, 11, 883
What are the prime factors of 470081?
470081
What are the prime factors of 2222858?
2, 11, 23, 191
List the prime factors of 3882550.
2, 5, 7, 11093
List the prime factors of 260957.
59, 4423
What are the prime factors of 59739?
3, 19913
What are the prime factors of 1122634?
2, 19, 31, 953
List the prime factors of 122489.
122489
List the prime factors of 8576996.
2, 2144249
List the prime factors of 924235.
5, 13, 59, 241
List the prime factors of 922549.
922549
What are the prime factors of 13978759?
13978759
What are the prime factors of 247709?
7, 11, 3217
List the prime factors of 11010931.
173, 63647
List the prime factors of 22202144.
2, 239, 2903
List the prime factors of 25950.
2, 3, 5, 173
What are the prime factors of 2599770?
2, 3, 5, 19, 4561
What are the prime factors of 1281980?
2, 5, 7, 9157
What are the prime factors of 117309?
3, 39103
List the prime factors of 22207747.
1723, 12889
List the prime factors of 247670.
2, 5, 24767
List the prime factors of 1058923.
113, 9371
List the prime factors of 439993.
61, 7213
What are the prime factors of 1806634?
2, 19, 47543
List the prime factors of 322471.
67, 4813
List the prime factors of 18391117.
1663, 11059
List the prime factors of 29080035.
3, 5, 131, 4933
What are the prime factors of 33695147?
33695147
What are the prime factors of 35711391?
3, 11903797
List the prime factors of 760399.
19, 31, 1291
List the prime factors of 2207899.
727, 3037
What are the prime factors of 20013181?
4057, 4933
List the prime factors of 4396518.
2, 3, 7, 3877
List the prime factors of 1003687.
31, 32377
What are the prime factors of 4537238?
2, 19, 139, 859
List the prime factors of 4799963.
7, 283, 2423
What are the prime factors of 9170296?
2, 31, 103, 359
List the prime factors of 7602364.
2, 7, 11, 24683
What are the prime factors of 298811?
131, 2281
List the prime factors of 867236.
2, 19, 11411
List the prime factors of 4926796.
2, 7, 179, 983
What are the prime factors of 662280?
2, 3, 5, 5519
What are the prime factors of 8811097?
739, 11923
List the prime factors of 15138397.
59, 379, 677
What are the prime factors of 4704296?
2, 588037
List the prime factors of 6994105.
5, 587, 2383
What are the prime factors of 9679723?
373, 25951
List the prime factors of 541547.
541547
What are the prime factors of 748726?
2, 11, 34033
List the prime factors of 602658.
2, 3, 7, 4783
What are the prime factors of 16874?
2, 11, 13, 59
List the prime factors of 2507032.
2, 11, 31, 919
What are the prime factors of 187332?
2, 3, 67, 233
List the prime factors of 941039.
11, 85549
List the prime factors of 2208740.
2, 5, 110437
What are the prime factors of 437469?
3, 145823
List the prime factors of 19775135.
5, 3955027
What are the prime factors of 1432759?
449, 3191
List the prime factors of 298747.
23, 31, 419
What are the prime factors of 241170?
2, 3, 5, 8039
List the prime factors of 118502.
2, 193, 307
List the prime factors of 6355556.
2, 1588889
List the prime factors of 333054.
2, 3, 18503
List the prime factors of 13191893.
11, 13, 92251
What are the prime factors of 111972?
2, 3, 7, 31, 43
List the prime factors of 1423232.
2, 11119
What are the prime factors of 13529814?
2, 3, 2254969
List the prime factors of 40266.
2, 3, 2237
What are the prime factors of 132529?
132529
List the prime factors of 1561551.
3, 229, 2273
List the prime factors of 17179707.
3, 17, 336857
What are the prime factors of 235927?
235927
List the prime factors of 794772.
2, 3, 11, 223
What are the prime factors of 25665102?
2, 3, 23, 47, 1319
What are the prime factors of 693153?
3, 77017
What are the prime factors of 4589191?
997, 4603
What are the prime factors of 6016719?
3, 53, 79, 479
List the prime factors of 2930676.
2, 3, 7, 139, 251
List the prime factors of 38130.
2, 3, 5, 31, 41
List the prime factors of 1061406.
2, 3, 58967
List the prime factors of 5702210.
2, 5, 570221
What are the prime factors of 361515?
3, 5, 7, 11, 313
List the prime factors of 211143.
3, 70381
What are the prime factors of 992386?
2, 496193
What are the prime factors of 16140384?
2, 3, 13, 479
What are the prime factors of 1076287?
17, 63311
List the prime factors of 746704.
2, 7, 59, 113
List the prime factors of 2503805.
5, 127, 3943
List the prime factors of 441416.
2, 23, 2399
What are the prime factors of 9509197?
107, 181, 491
List the prime factors of 86874.
2, 3, 14479
What are the prime factors of 17841038?
2, 19, 469501
List the prime factors of 3018308.
2, 754577
What are the prime factors of 2166155?
5, 29, 14939
List the prime factors of 8395762.
2, 1609, 2609
List the prime factors of 235958.
2, 117979
List the prime factors of 8100748.
2, 2025187
List the prime factors of 2853420.
2, 3, 5, 19, 2503
What are the prime factors of 210754?
2, 167, 631
List the prime factors of 22632789.
3, 29, 37, 79, 89
What are the prime factors of 2433687?
3, 659, 1231
What are the prime factors of 2282936?
2, 139, 2053
What are the prime factors of 902172?
2, 3, 75181
List the prime factors of 5587249.
5587249
What are the prime factors of 17567025?
3, 5, 7, 33461
What are the prime factors of 1936222?
2, 968111
List the prime factors of 3710396.
2, 19, 48821
What are the prime factors of 7708189?
7708189
What are the prime factors of 9955804?
2, 173, 14387
What are the prime factors of 5705121?
3, 1063, 1789
List the prime factors of 311428.
2, 13, 53, 113
What are the prime factors of 2737436?
2, 13, 61, 863
List the prime factors of 86497.
67, 1291
List the prime factors of 14967031.
14967031
List the prime factors of 226046.
2, 113023
What are the prime factors of 298962?
2, 3, 17, 977
List the prime factors of 467504.
2, 61, 479
What are the prime factors of 27800516?
2, 211, 32939
List the prime factors of 339847.
17, 19991
List the prime factors of 15445520.
2, 5, 17, 41, 277
What are the prime factors of 14133739?
19, 743881
What are the prime factors of 93045?
3, 5, 6203
List the prime factors of 2334781.
2334781
List the prime factors of 2159.
17, 127
List the prime f